re the prime factors of 352572233?
13, 27120941
What are the prime factors of 1165622690?
2, 5, 107, 10181
List the prime factors of 107458566.
2, 3, 19, 421, 2239
What are the prime factors of 21116708?
2, 5279177
List the prime factors of 926127741.
3, 7, 11, 211, 19001
List the prime factors of 204289994.
2, 103, 181, 5479
What are the prime factors of 186224365?
5, 37244873
What are the prime factors of 597930593?
13, 41, 149, 7529
What are the prime factors of 949722154?
2, 10771, 44087
List the prime factors of 1007002738.
2, 7, 971, 74077
What are the prime factors of 652934297?
19, 59, 582457
List the prime factors of 2501076877.
13, 192390529
List the prime factors of 2811059469.
3, 5657, 55213
List the prime factors of 1039171672.
2, 7, 11, 1686967
List the prime factors of 1816026603.
3, 29, 20873869
What are the prime factors of 2016984425?
5, 19, 23, 349
List the prime factors of 2131326.
2, 3, 29, 1361
What are the prime factors of 34859252?
2, 31, 73, 3851
List the prime factors of 1040896327.
1040896327
What are the prime factors of 3461426077?
3461426077
List the prime factors of 1917365.
5, 41, 47, 199
List the prime factors of 4952105618.
2, 157, 15771037
What are the prime factors of 1334383691?
10211, 130681
List the prime factors of 17397790.
2, 5, 241, 7219
List the prime factors of 1426134.
2, 3, 237689
List the prime factors of 80333206.
2, 40166603
What are the prime factors of 5212195130?
2, 5, 521219513
What are the prime factors of 239690578?
2, 119845289
What are the prime factors of 4292798?
2, 479, 4481
List the prime factors of 70559293.
7, 19, 197, 2693
What are the prime factors of 527417590?
2, 5, 7, 61, 123517
List the prime factors of 2611586122.
2, 1305793061
List the prime factors of 62786753.
1013, 61981
List the prime factors of 6349593878.
2, 419, 7577081
What are the prime factors of 484980298?
2, 11, 461, 47819
What are the prime factors of 72431784?
2, 3, 23, 191, 229
List the prime factors of 1555281981.
3, 11, 139, 113021
List the prime factors of 39682195.
5, 7, 1133777
List the prime factors of 103971706.
2, 31, 1676963
What are the prime factors of 91158115?
5, 107, 170389
List the prime factors of 394861528.
2, 49357691
What are the prime factors of 1037001964?
2, 3323, 78017
List the prime factors of 39285353.
39285353
What are the prime factors of 57521000?
2, 5, 97, 593
List the prime factors of 97751851.
97751851
What are the prime factors of 873452510?
2, 5, 7, 12477893
List the prime factors of 80555639.
17, 31, 152857
List the prime factors of 83543138.
2, 7, 193, 631
List the prime factors of 871221446.
2, 1511, 288293
What are the prime factors of 4707819276?
2, 3, 1733, 226381
List the prime factors of 438837840.
2, 3, 5, 7, 87071
List the prime factors of 450906405.
3, 5, 197, 331, 461
What are the prime factors of 9442266?
2, 3, 223, 7057
List the prime factors of 136992192.
2, 3, 713501
What are the prime factors of 10916411?
11, 311, 3191
List the prime factors of 238611772.
2, 7, 1217407
List the prime factors of 273600652.
2, 13, 17, 309503
What are the prime factors of 86574293?
13, 6659561
What are the prime factors of 665286343?
9887, 67289
What are the prime factors of 4540293979?
13, 19, 18381757
What are the prime factors of 185370535?
5, 7, 89, 59509
What are the prime factors of 378472247?
47, 8052601
List the prime factors of 183979922.
2, 7, 1619, 8117
What are the prime factors of 6001665233?
6001665233
List the prime factors of 82432297.
29, 98017
What are the prime factors of 302683736?
2, 83, 455849
What are the prime factors of 139498101?
3, 131, 179, 661
What are the prime factors of 1586719475?
5, 11, 41, 140729
What are the prime factors of 428613634?
2, 4663, 45959
List the prime factors of 41206519.
41206519
List the prime factors of 986684761.
986684761
What are the prime factors of 53520495?
3, 5, 7, 72817
What are the prime factors of 967271424?
2, 3, 7, 31, 1451
List the prime factors of 261243788.
2, 13, 109, 46091
List the prime factors of 2184568606.
2, 11, 1579, 5717
What are the prime factors of 2333037750?
2, 3, 5, 3110717
List the prime factors of 167691677.
761, 220357
What are the prime factors of 338327012?
2, 197, 429349
What are the prime factors of 105400073?
105400073
List the prime factors of 5314791.
3, 37, 47881
List the prime factors of 908854860.
2, 3, 5, 61, 239, 1039
What are the prime factors of 910670392?
2, 1297, 87767
What are the prime factors of 9356742?
2, 3, 173273
What are the prime factors of 267211850?
2, 5, 349, 15313
What are the prime factors of 56438102?
2, 7, 43, 59, 227
List the prime factors of 6654329.
11, 604939
List the prime factors of 481602456.
2, 3, 103, 21647
What are the prime factors of 92382844?
2, 23095711
List the prime factors of 205658837.
59, 3485743
List the prime factors of 1189426039.
29, 47, 677, 1289
What are the prime factors of 270093723?
3, 90031241
List the prime factors of 60662797.
13, 59, 139, 569
What are the prime factors of 28930947?
3, 401, 24049
What are the prime factors of 164659645?
5, 23, 113, 12671
What are the prime factors of 60693632?
2, 474169
What are the prime factors of 41462565?
3, 5, 2764171
List the prime factors of 890185612.
2, 419, 547, 971
List the prime factors of 28177653.
3, 7, 17, 78929
List the prime factors of 643436681.
643436681
List the prime factors of 1890594277.
11, 13, 857, 15427
What are the prime factors of 1184744871?
3, 109, 821, 1471
List the prime factors of 2730646912.
2, 7, 435371
List the prime factors of 416587192.
2, 7, 223, 33359
What are the prime factors of 413751823?
31, 430543
What are the prime factors of 5962102?
2, 821, 3631
List the prime factors of 150031455.
3, 5, 7, 191, 7481
List the prime factors of 364953337.
7, 5527, 9433
What are the prime factors of 786552713?
829, 948797
List the prime factors of 294562573.
41, 7184453
List the prime factors of 792750839.
53, 757, 19759
What are the prime factors of 15185806?
2, 7592903
What are the prime factors of 300530955?
3, 5, 59, 339583
List the prime factors of 47778354.
2, 3, 13, 73, 2797
What are the prime factors of 52579090?
2, 5, 211, 24919
List the prime factors of 734089665.
3, 5, 17, 2878783
What are the prime factors of 22968098?
2, 11484049
List the prime factors of 67869249.
3, 7, 3231869
What are the prime factors of 123551831?
13, 9503987
List the prime factors of 2782794932.
2, 23, 30247771
What are the prime factors of 137983476?
2, 3, 263, 43721
List the prime factors of 978147751.
7, 17, 1174247
List the prime factors of 87192085.
5, 17438417
List the prime factors of 2739030648.
2, 3, 661, 172657
List the prime factors of 177542823.
3, 193, 239, 1283
What are the prime factors of 1320132385?
5, 11, 13, 15259
List the prime factors of 3064007551.
11, 233, 1195477
List the prime factors of 514909367.
7, 19, 3871499
What are the prime factors of 7416778?
2, 347, 10687
What are the prime factors of 6411675669?
3, 7, 197, 1549837
What are the prime factors of 2567573596?
2, 7, 91699057
List the prime factors of 335971510.
2, 5, 7, 17, 47, 6007
What are the prime factors of 2923163922?
2, 3, 7, 5939, 11719
What are the prime factors of 3980234093?
11, 67, 5400589
List the prime factors of 4009476605.
5, 17, 31, 1521623
List the prime factors of 138679773.
3, 43, 277, 3881
What are the prime factors of 25346395?
5, 47, 107857
List the prime factors of 2232197400.
2, 3, 5, 61, 71, 859
What are the prime factors of 1216832399?
41, 29678839
List the prime factors of 4350379.
11, 131, 3019
What are the prime factors of 730207583?
7, 1153, 90473
List the prime factors of 41007367.
23, 1782929
List the prime factors of 2383470311.
9767, 244033
What are the prime factors of 163008926?
2, 81504463
What are the prime factors of 4524132957?
3, 1508044319
What are the prime factors of 17374147?
7, 367, 6763
What are the prime factors of 382251974?
2, 13, 89, 97, 131
List the prime factors of 514722650.
2, 5, 13, 349, 2269
List the prime factors of 29183549.
53, 199, 2767
List the prime factors of 131726683.
11, 11975153
What are the prime factors of 1280074088?
2, 160009261
What are the prime factors of 131032307?
7, 107, 174943
What are the prime factors of 26766389?
13, 251